{"id":1286,"date":"2017-02-13T14:54:34","date_gmt":"2017-02-13T14:54:34","guid":{"rendered":"http:\/\/test.kriesi.at\/enfold-2017\/?page_id=1286"},"modified":"2017-02-13T14:54:34","modified_gmt":"2017-02-13T14:54:34","slug":"grid-row","status":"publish","type":"page","link":"https:\/\/vicolli.com\/?page_id=1286","title":{"rendered":"Grid Row"},"content":{"rendered":"<div id='av-layout-grid-1'  class='av-layout-grid-container av-av_layout_row-f55d957a1bd0117622a1d03ada6dbbf6 entry-content-wrapper main_color av-flex-cells  avia-builder-el-0  el_before_av_layout_row  avia-builder-el-first   container_wrap sidebar_right'  >\n\n<style type=\"text\/css\" data-created_by=\"avia_inline_auto\" id=\"style-css-av-av_cell_one_fourth-d1e5f59495c78706c28185897ddadc9e\">\n.flex_cell.av-av_cell_one_fourth-d1e5f59495c78706c28185897ddadc9e{\nvertical-align:middle;\nheight:300px;\nmin-height:300px;\nbackground-color:#2a2a2a;\n}\n.responsive #top #wrap_all .flex_cell.av-av_cell_one_fourth-d1e5f59495c78706c28185897ddadc9e{\npadding:60px 60px 60px 60px !important;\n}\n<\/style>\n<div class='flex_cell av-av_cell_one_fourth-d1e5f59495c78706c28185897ddadc9e av-gridrow-cell av_one_fourth no_margin  avia-builder-el-1  el_before_av_cell_one_fourth  avia-builder-el-first ' ><div class='flex_cell_inner'>\n<style type=\"text\/css\" data-created_by=\"avia_inline_auto\" id=\"style-css-av-av_heading-19cf03266b271027dca9e1ef376c3888\">\n#top .av-special-heading.av-av_heading-19cf03266b271027dca9e1ef376c3888{\npadding-bottom:15px;\ncolor:#ffffff;\nfont-size:40px;\n}\nbody .av-special-heading.av-av_heading-19cf03266b271027dca9e1ef376c3888 .av-special-heading-tag .heading-char{\nfont-size:25px;\n}\n#top #wrap_all .av-special-heading.av-av_heading-19cf03266b271027dca9e1ef376c3888 .av-special-heading-tag{\nfont-size:40px;\n}\n.av-special-heading.av-av_heading-19cf03266b271027dca9e1ef376c3888 .special-heading-inner-border{\nborder-color:#ffffff;\n}\n.av-special-heading.av-av_heading-19cf03266b271027dca9e1ef376c3888 .av-subheading{\nfont-size:15px;\n}\n\n@media only screen and (min-width: 480px) and (max-width: 767px){ \n#top #wrap_all .av-special-heading.av-av_heading-19cf03266b271027dca9e1ef376c3888 .av-special-heading-tag{\nfont-size:0.8em;\n}\n}\n\n@media only screen and (max-width: 479px){ \n#top #wrap_all .av-special-heading.av-av_heading-19cf03266b271027dca9e1ef376c3888 .av-special-heading-tag{\nfont-size:0.8em;\n}\n}\n<\/style>\n<div  class='av-special-heading av-av_heading-19cf03266b271027dca9e1ef376c3888 av-special-heading-h1 custom-color-heading blockquote modern-quote modern-centered  avia-builder-el-2  avia-builder-el-no-sibling  av-inherit-size'><h1 id=\"the-grid-row\" class='av-special-heading-tag'  itemprop=\"headline\"  >The Grid Row<\/h1><div class=\"special-heading-border\"><div class=\"special-heading-inner-border\"><\/div><\/div><\/div>\n<\/div><\/div>\n<style type=\"text\/css\" data-created_by=\"avia_inline_auto\" id=\"style-css-av-av_cell_one_fourth-838d97c8f9bb24e167092ef8f380100b\">\n.flex_cell.av-av_cell_one_fourth-838d97c8f9bb24e167092ef8f380100b{\nvertical-align:middle;\nheight:300px;\nmin-height:300px;\nbackground-color:#757575;\n}\n.responsive #top #wrap_all .flex_cell.av-av_cell_one_fourth-838d97c8f9bb24e167092ef8f380100b{\npadding:60px 60px 60px 60px !important;\n}\n<\/style>\n<div class='flex_cell av-av_cell_one_fourth-838d97c8f9bb24e167092ef8f380100b av-gridrow-cell av_one_fourth no_margin  avia-builder-el-3  el_after_av_cell_one_fourth  el_before_av_cell_one_fourth ' ><div class='flex_cell_inner'>\n<style type=\"text\/css\" data-created_by=\"avia_inline_auto\" id=\"style-css-av-av_textblock-0b24277fcb3157fd54563c4417ea17f7\">\n#top .av_textblock_section.av-av_textblock-0b24277fcb3157fd54563c4417ea17f7 .avia_textblock{\ncolor:#ffffff;\n}\n<\/style>\n<section  class='av_textblock_section av-av_textblock-0b24277fcb3157fd54563c4417ea17f7'  itemscope=\"itemscope\" itemtype=\"https:\/\/schema.org\/CreativeWork\" ><div class='avia_textblock av_inherit_color'  itemprop=\"text\" ><p style=\"text-align: center;\">An element that allows you to build interesting layout grids<\/p>\n<\/div><\/section>\n<\/div><\/div>\n<style type=\"text\/css\" data-created_by=\"avia_inline_auto\" id=\"style-css-av-av_cell_one_fourth-31573b93ac597d21cbd3786c4eecacb7\">\n.flex_cell.av-av_cell_one_fourth-31573b93ac597d21cbd3786c4eecacb7{\nvertical-align:middle;\nheight:300px;\nmin-height:300px;\nbackground-color:#cacaca;\n}\n.responsive #top #wrap_all .flex_cell.av-av_cell_one_fourth-31573b93ac597d21cbd3786c4eecacb7{\npadding:60px 60px 60px 60px !important;\n}\n<\/style>\n<div class='flex_cell av-av_cell_one_fourth-31573b93ac597d21cbd3786c4eecacb7 av-gridrow-cell av_one_fourth no_margin  avia-builder-el-5  el_after_av_cell_one_fourth  el_before_av_cell_one_fourth ' ><div class='flex_cell_inner'>\n<style type=\"text\/css\" data-created_by=\"avia_inline_auto\" id=\"style-css-av-av_textblock-c68078cc129772698a721eabecd40049\">\n#top .av_textblock_section.av-av_textblock-c68078cc129772698a721eabecd40049 .avia_textblock{\ncolor:#ffffff;\n}\n<\/style>\n<section  class='av_textblock_section av-av_textblock-c68078cc129772698a721eabecd40049'  itemscope=\"itemscope\" itemtype=\"https:\/\/schema.org\/CreativeWork\" ><div class='avia_textblock av_inherit_color'  itemprop=\"text\" ><p style=\"text-align: center;\">Grid Rows are fullwidth elements and you can place any number of rows below each other<\/p>\n<\/div><\/section>\n<\/div><\/div>\n<style type=\"text\/css\" data-created_by=\"avia_inline_auto\" id=\"style-css-av-av_cell_one_fourth-1356ff3e94cfd95063b0b39068e07b12\">\n.flex_cell.av-av_cell_one_fourth-1356ff3e94cfd95063b0b39068e07b12{\nvertical-align:top;\nheight:300px;\nmin-height:300px;\nbackground:url(https:\/\/vicolli.com\/wp-content\/uploads\/2015\/07\/portfolio-4.jpg) 50% 50% no-repeat scroll ;\n}\n.responsive #top #wrap_all .flex_cell.av-av_cell_one_fourth-1356ff3e94cfd95063b0b39068e07b12{\npadding:30px 30px 30px 30px !important;\n}\n<\/style>\n<div class='flex_cell av-av_cell_one_fourth-1356ff3e94cfd95063b0b39068e07b12 av-gridrow-cell av_one_fourth no_margin  avia-builder-el-7  el_after_av_cell_one_fourth  avia-builder-el-last  avia-full-stretch' ><div class='flex_cell_inner'><\/div><\/div>\n<\/div>\n<div id='av-layout-grid-2'  class='av-layout-grid-container av-av_layout_row-f55d957a1bd0117622a1d03ada6dbbf6 entry-content-wrapper main_color av-flex-cells  avia-builder-el-8  el_after_av_layout_row  el_before_av_layout_row  grid-row-not-first  container_wrap sidebar_right'  >\n\n<style type=\"text\/css\" data-created_by=\"avia_inline_auto\" id=\"style-css-av-av_cell_one_third-31573b93ac597d21cbd3786c4eecacb7\">\n.flex_cell.av-av_cell_one_third-31573b93ac597d21cbd3786c4eecacb7{\nvertical-align:middle;\nheight:300px;\nmin-height:300px;\nbackground-color:#cacaca;\n}\n.responsive #top #wrap_all .flex_cell.av-av_cell_one_third-31573b93ac597d21cbd3786c4eecacb7{\npadding:60px 60px 60px 60px !important;\n}\n<\/style>\n<div class='flex_cell av-av_cell_one_third-31573b93ac597d21cbd3786c4eecacb7 av-gridrow-cell av_one_third no_margin  avia-builder-el-9  el_before_av_cell_one_third  avia-builder-el-first ' ><div class='flex_cell_inner'>\n<style type=\"text\/css\" data-created_by=\"avia_inline_auto\" id=\"style-css-av-av_textblock-c68078cc129772698a721eabecd40049\">\n#top .av_textblock_section.av-av_textblock-c68078cc129772698a721eabecd40049 .avia_textblock{\ncolor:#ffffff;\n}\n<\/style>\n<section  class='av_textblock_section av-av_textblock-c68078cc129772698a721eabecd40049'  itemscope=\"itemscope\" itemtype=\"https:\/\/schema.org\/CreativeWork\" ><div class='avia_textblock av_inherit_color'  itemprop=\"text\" ><p style=\"text-align: center;\">You can set background color and image for each cell individually<\/p>\n<\/div><\/section>\n<\/div><\/div>\n<style type=\"text\/css\" data-created_by=\"avia_inline_auto\" id=\"style-css-av-av_cell_one_third-782e3ab7122ea486837dff9924dddb4c\">\n.flex_cell.av-av_cell_one_third-782e3ab7122ea486837dff9924dddb4c{\nvertical-align:middle;\nheight:300px;\nmin-height:300px;\nbackground:url(https:\/\/vicolli.com\/wp-content\/uploads\/2015\/07\/portfolio-1.jpg) 50% 50% no-repeat scroll ;\n}\n.responsive #top #wrap_all .flex_cell.av-av_cell_one_third-782e3ab7122ea486837dff9924dddb4c{\npadding:60px 60px 60px 60px !important;\n}\n<\/style>\n<div class='flex_cell av-av_cell_one_third-782e3ab7122ea486837dff9924dddb4c av-gridrow-cell av_one_third no_margin  avia-builder-el-11  el_after_av_cell_one_third  el_before_av_cell_one_third  avia-full-stretch' ><div class='flex_cell_inner'><\/div><\/div>\n<style type=\"text\/css\" data-created_by=\"avia_inline_auto\" id=\"style-css-av-av_cell_one_third-838d97c8f9bb24e167092ef8f380100b\">\n.flex_cell.av-av_cell_one_third-838d97c8f9bb24e167092ef8f380100b{\nvertical-align:middle;\nheight:300px;\nmin-height:300px;\nbackground-color:#757575;\n}\n.responsive #top #wrap_all .flex_cell.av-av_cell_one_third-838d97c8f9bb24e167092ef8f380100b{\npadding:60px 60px 60px 60px !important;\n}\n<\/style>\n<div class='flex_cell av-av_cell_one_third-838d97c8f9bb24e167092ef8f380100b av-gridrow-cell av_one_third no_margin  avia-builder-el-12  el_after_av_cell_one_third  avia-builder-el-last ' ><div class='flex_cell_inner'>\n<style type=\"text\/css\" data-created_by=\"avia_inline_auto\" id=\"style-css-av-av_textblock-c68078cc129772698a721eabecd40049\">\n#top .av_textblock_section.av-av_textblock-c68078cc129772698a721eabecd40049 .avia_textblock{\ncolor:#ffffff;\n}\n<\/style>\n<section  class='av_textblock_section av-av_textblock-c68078cc129772698a721eabecd40049'  itemscope=\"itemscope\" itemtype=\"https:\/\/schema.org\/CreativeWork\" ><div class='avia_textblock av_inherit_color'  itemprop=\"text\" ><p style=\"text-align: center;\">A row can hold up to 5 cells that are aligned beside each other<\/p>\n<\/div><\/section>\n<\/div><\/div>\n<\/div>\n<div id='av-layout-grid-3'  class='av-layout-grid-container av-av_layout_row-f55d957a1bd0117622a1d03ada6dbbf6 entry-content-wrapper main_color av-flex-cells  avia-builder-el-14  el_after_av_layout_row  el_before_av_layout_row  grid-row-not-first  container_wrap sidebar_right'  >\n\n<style type=\"text\/css\" data-created_by=\"avia_inline_auto\" id=\"style-css-av-av_cell_one_half-d1e5f59495c78706c28185897ddadc9e\">\n.flex_cell.av-av_cell_one_half-d1e5f59495c78706c28185897ddadc9e{\nvertical-align:middle;\nheight:300px;\nmin-height:300px;\nbackground-color:#2a2a2a;\n}\n.responsive #top #wrap_all .flex_cell.av-av_cell_one_half-d1e5f59495c78706c28185897ddadc9e{\npadding:60px 60px 60px 60px !important;\n}\n<\/style>\n<div class='flex_cell av-av_cell_one_half-d1e5f59495c78706c28185897ddadc9e av-gridrow-cell av_one_half no_margin  avia-builder-el-15  el_before_av_cell_one_half  avia-builder-el-first ' ><div class='flex_cell_inner'>\n<style type=\"text\/css\" data-created_by=\"avia_inline_auto\" id=\"style-css-av-av_textblock-c68078cc129772698a721eabecd40049\">\n#top .av_textblock_section.av-av_textblock-c68078cc129772698a721eabecd40049 .avia_textblock{\ncolor:#ffffff;\n}\n<\/style>\n<section  class='av_textblock_section av-av_textblock-c68078cc129772698a721eabecd40049'  itemscope=\"itemscope\" itemtype=\"https:\/\/schema.org\/CreativeWork\" ><div class='avia_textblock av_inherit_color'  itemprop=\"text\" ><p style=\"text-align: center;\">Use your imagination when it comes to using this element and you can build really interesting\u00a0stuff<\/p>\n<\/div><\/section>\n<\/div><\/div>\n<style type=\"text\/css\" data-created_by=\"avia_inline_auto\" id=\"style-css-av-av_cell_one_half-31573b93ac597d21cbd3786c4eecacb7\">\n.flex_cell.av-av_cell_one_half-31573b93ac597d21cbd3786c4eecacb7{\nvertical-align:middle;\nheight:300px;\nmin-height:300px;\nbackground-color:#cacaca;\n}\n.responsive #top #wrap_all .flex_cell.av-av_cell_one_half-31573b93ac597d21cbd3786c4eecacb7{\npadding:60px 60px 60px 60px !important;\n}\n<\/style>\n<div class='flex_cell av-av_cell_one_half-31573b93ac597d21cbd3786c4eecacb7 av-gridrow-cell av_one_half no_margin  avia-builder-el-17  el_after_av_cell_one_half  avia-builder-el-last ' ><div class='flex_cell_inner'>\n<style type=\"text\/css\" data-created_by=\"avia_inline_auto\" id=\"style-css-av-av_textblock-c68078cc129772698a721eabecd40049\">\n#top .av_textblock_section.av-av_textblock-c68078cc129772698a721eabecd40049 .avia_textblock{\ncolor:#ffffff;\n}\n<\/style>\n<section  class='av_textblock_section av-av_textblock-c68078cc129772698a721eabecd40049'  itemscope=\"itemscope\" itemtype=\"https:\/\/schema.org\/CreativeWork\" ><div class='avia_textblock av_inherit_color'  itemprop=\"text\" ><p style=\"text-align: center;\">As seen bellow (the 4 blue bars) you can even use the element for pure styling<\/p>\n<\/div><\/section><br \/>\n<div  class='avia-button-wrap av-av_button-636a63f794988f58e3c9a400dfe24ba5-wrap avia-button-center  avia-builder-el-19  el_after_av_textblock  avia-builder-el-last '><a href='https:\/\/vicolli.com\/?page_id=644'  class='avia-button av-av_button-636a63f794988f58e3c9a400dfe24ba5 avia-icon_select-no avia-size-x-large avia-position-center avia-color-light'  ><span class='avia_iconbox_title' >Check out another example of a Grid Page<\/span><\/a><\/div><\/p>\n<\/div><\/div><\/div><div id='av-layout-grid-4'  class='av-layout-grid-container av-av_layout_row-b089a626c9a229f3aeace1b1944ce2f2 entry-content-wrapper main_color av-fixed-cells  avia-builder-el-20  el_after_av_layout_row  avia-builder-el-last  grid-row-not-first  container_wrap sidebar_right'  >\n\n<style type=\"text\/css\" data-created_by=\"avia_inline_auto\" id=\"style-css-av-av_cell_one_fourth-c594abe69a1ff3ce86082673421dcd20\">\n.flex_cell.av-av_cell_one_fourth-c594abe69a1ff3ce86082673421dcd20{\nvertical-align:middle;\nheight:10px;\nmin-height:10px;\nbackground-color:#bad3e6;\n}\n.responsive #top #wrap_all .flex_cell.av-av_cell_one_fourth-c594abe69a1ff3ce86082673421dcd20{\npadding:0px 0px 0px 0px !important;\n}\n<\/style>\n<div class='flex_cell av-av_cell_one_fourth-c594abe69a1ff3ce86082673421dcd20 av-gridrow-cell av_one_fourth no_margin  avia-builder-el-21  el_before_av_cell_one_fourth  avia-builder-el-first  av-zero-padding' ><div class='flex_cell_inner'><\/div><\/div>\n<style type=\"text\/css\" data-created_by=\"avia_inline_auto\" id=\"style-css-av-av_cell_one_fourth-71b8da65b0dca72b8a9ca9973ff48360\">\n.flex_cell.av-av_cell_one_fourth-71b8da65b0dca72b8a9ca9973ff48360{\nvertical-align:middle;\nheight:10px;\nmin-height:10px;\nbackground-color:#9cc2df;\n}\n.responsive #top #wrap_all .flex_cell.av-av_cell_one_fourth-71b8da65b0dca72b8a9ca9973ff48360{\npadding:0px 0px 0px 0px !important;\n}\n<\/style>\n<div class='flex_cell av-av_cell_one_fourth-71b8da65b0dca72b8a9ca9973ff48360 av-gridrow-cell av_one_fourth no_margin  avia-builder-el-22  el_after_av_cell_one_fourth  el_before_av_cell_one_fourth  av-zero-padding' ><div class='flex_cell_inner'><\/div><\/div>\n<style type=\"text\/css\" data-created_by=\"avia_inline_auto\" id=\"style-css-av-av_cell_one_fourth-be32294608de64babbbe57ac3659c75c\">\n.flex_cell.av-av_cell_one_fourth-be32294608de64babbbe57ac3659c75c{\nvertical-align:middle;\nheight:10px;\nmin-height:10px;\nbackground-color:#84bbe4;\n}\n.responsive #top #wrap_all .flex_cell.av-av_cell_one_fourth-be32294608de64babbbe57ac3659c75c{\npadding:0px 0px 0px 0px !important;\n}\n<\/style>\n<div class='flex_cell av-av_cell_one_fourth-be32294608de64babbbe57ac3659c75c av-gridrow-cell av_one_fourth no_margin  avia-builder-el-23  el_after_av_cell_one_fourth  el_before_av_cell_one_fourth  av-zero-padding' ><div class='flex_cell_inner'><\/div><\/div>\n<style type=\"text\/css\" data-created_by=\"avia_inline_auto\" id=\"style-css-av-av_cell_one_fourth-aebe84e8b7ac43b7872667706faf0fbd\">\n.flex_cell.av-av_cell_one_fourth-aebe84e8b7ac43b7872667706faf0fbd{\nvertical-align:middle;\nheight:10px;\nmin-height:10px;\nbackground-color:#67a2ce;\n}\n.responsive #top #wrap_all .flex_cell.av-av_cell_one_fourth-aebe84e8b7ac43b7872667706faf0fbd{\npadding:0px 0px 0px 0px !important;\n}\n<\/style>\n<div class='flex_cell av-av_cell_one_fourth-aebe84e8b7ac43b7872667706faf0fbd av-gridrow-cell av_one_fourth no_margin  avia-builder-el-24  el_after_av_cell_one_fourth  avia-builder-el-last  av-zero-padding' ><div class='flex_cell_inner'><\/div><\/div>\n<\/div>\n","protected":false},"excerpt":{"rendered":"","protected":false},"author":1,"featured_media":0,"parent":606,"menu_order":0,"comment_status":"closed","ping_status":"closed","template":"","meta":{"footnotes":""},"class_list":["post-1286","page","type-page","status-publish","hentry"],"yoast_head":"<!-- This site is optimized with the Yoast SEO plugin v26.5 - https:\/\/yoast.com\/wordpress\/plugins\/seo\/ -->\n<title>Grid Row - Vicolli - Yaz\u0131l\u0131m &amp; Tasar\u0131m<\/title>\n<meta name=\"robots\" content=\"index, follow, max-snippet:-1, max-image-preview:large, max-video-preview:-1\" \/>\n<link rel=\"canonical\" href=\"https:\/\/vicolli.com\/?page_id=1286\" \/>\n<meta property=\"og:locale\" content=\"tr_TR\" \/>\n<meta property=\"og:type\" content=\"article\" \/>\n<meta property=\"og:title\" content=\"Grid Row - Vicolli - Yaz\u0131l\u0131m &amp; Tasar\u0131m\" \/>\n<meta property=\"og:url\" content=\"https:\/\/vicolli.com\/?page_id=1286\" \/>\n<meta property=\"og:site_name\" content=\"Vicolli - Yaz\u0131l\u0131m &amp; Tasar\u0131m\" \/>\n<meta name=\"twitter:card\" content=\"summary_large_image\" \/>\n<meta name=\"twitter:label1\" content=\"Tahmini okuma s\u00fcresi\" \/>\n\t<meta name=\"twitter:data1\" content=\"5 dakika\" \/>\n<script type=\"application\/ld+json\" class=\"yoast-schema-graph\">{\"@context\":\"https:\/\/schema.org\",\"@graph\":[{\"@type\":\"WebPage\",\"@id\":\"https:\/\/vicolli.com\/?page_id=1286\",\"url\":\"https:\/\/vicolli.com\/?page_id=1286\",\"name\":\"Grid Row - Vicolli - Yaz\u0131l\u0131m &amp; Tasar\u0131m\",\"isPartOf\":{\"@id\":\"https:\/\/vicolli.com\/#website\"},\"datePublished\":\"2017-02-13T14:54:34+00:00\",\"breadcrumb\":{\"@id\":\"https:\/\/vicolli.com\/?page_id=1286#breadcrumb\"},\"inLanguage\":\"tr\",\"potentialAction\":[{\"@type\":\"ReadAction\",\"target\":[\"https:\/\/vicolli.com\/?page_id=1286\"]}]},{\"@type\":\"BreadcrumbList\",\"@id\":\"https:\/\/vicolli.com\/?page_id=1286#breadcrumb\",\"itemListElement\":[{\"@type\":\"ListItem\",\"position\":1,\"name\":\"Anasayfa\",\"item\":\"https:\/\/vicolli.com\/\"},{\"@type\":\"ListItem\",\"position\":2,\"name\":\"Elements\",\"item\":\"https:\/\/vicolli.com\/?page_id=606\"},{\"@type\":\"ListItem\",\"position\":3,\"name\":\"Grid Row\"}]},{\"@type\":\"WebSite\",\"@id\":\"https:\/\/vicolli.com\/#website\",\"url\":\"https:\/\/vicolli.com\/\",\"name\":\"Vicolli - Yaz\u0131l\u0131m & Tasar\u0131m\",\"description\":\"Unlimited As Your Imagine\",\"publisher\":{\"@id\":\"https:\/\/vicolli.com\/#organization\"},\"potentialAction\":[{\"@type\":\"SearchAction\",\"target\":{\"@type\":\"EntryPoint\",\"urlTemplate\":\"https:\/\/vicolli.com\/?s={search_term_string}\"},\"query-input\":{\"@type\":\"PropertyValueSpecification\",\"valueRequired\":true,\"valueName\":\"search_term_string\"}}],\"inLanguage\":\"tr\"},{\"@type\":\"Organization\",\"@id\":\"https:\/\/vicolli.com\/#organization\",\"name\":\"Vicolli - Yaz\u0131l\u0131m & Tasar\u0131m\",\"url\":\"https:\/\/vicolli.com\/\",\"logo\":{\"@type\":\"ImageObject\",\"inLanguage\":\"tr\",\"@id\":\"https:\/\/vicolli.com\/#\/schema\/logo\/image\/\",\"url\":\"https:\/\/vicolli.com\/wp-content\/uploads\/2022\/11\/dikdortgen.png\",\"contentUrl\":\"https:\/\/vicolli.com\/wp-content\/uploads\/2022\/11\/dikdortgen.png\",\"width\":2205,\"height\":735,\"caption\":\"Vicolli - Yaz\u0131l\u0131m & Tasar\u0131m\"},\"image\":{\"@id\":\"https:\/\/vicolli.com\/#\/schema\/logo\/image\/\"}}]}<\/script>\n<!-- \/ Yoast SEO plugin. -->","yoast_head_json":{"title":"Grid Row - Vicolli - Yaz\u0131l\u0131m &amp; Tasar\u0131m","robots":{"index":"index","follow":"follow","max-snippet":"max-snippet:-1","max-image-preview":"max-image-preview:large","max-video-preview":"max-video-preview:-1"},"canonical":"https:\/\/vicolli.com\/?page_id=1286","og_locale":"tr_TR","og_type":"article","og_title":"Grid Row - Vicolli - Yaz\u0131l\u0131m &amp; Tasar\u0131m","og_url":"https:\/\/vicolli.com\/?page_id=1286","og_site_name":"Vicolli - Yaz\u0131l\u0131m &amp; Tasar\u0131m","twitter_card":"summary_large_image","twitter_misc":{"Tahmini okuma s\u00fcresi":"5 dakika"},"schema":{"@context":"https:\/\/schema.org","@graph":[{"@type":"WebPage","@id":"https:\/\/vicolli.com\/?page_id=1286","url":"https:\/\/vicolli.com\/?page_id=1286","name":"Grid Row - Vicolli - Yaz\u0131l\u0131m &amp; Tasar\u0131m","isPartOf":{"@id":"https:\/\/vicolli.com\/#website"},"datePublished":"2017-02-13T14:54:34+00:00","breadcrumb":{"@id":"https:\/\/vicolli.com\/?page_id=1286#breadcrumb"},"inLanguage":"tr","potentialAction":[{"@type":"ReadAction","target":["https:\/\/vicolli.com\/?page_id=1286"]}]},{"@type":"BreadcrumbList","@id":"https:\/\/vicolli.com\/?page_id=1286#breadcrumb","itemListElement":[{"@type":"ListItem","position":1,"name":"Anasayfa","item":"https:\/\/vicolli.com\/"},{"@type":"ListItem","position":2,"name":"Elements","item":"https:\/\/vicolli.com\/?page_id=606"},{"@type":"ListItem","position":3,"name":"Grid Row"}]},{"@type":"WebSite","@id":"https:\/\/vicolli.com\/#website","url":"https:\/\/vicolli.com\/","name":"Vicolli - Yaz\u0131l\u0131m & Tasar\u0131m","description":"Unlimited As Your Imagine","publisher":{"@id":"https:\/\/vicolli.com\/#organization"},"potentialAction":[{"@type":"SearchAction","target":{"@type":"EntryPoint","urlTemplate":"https:\/\/vicolli.com\/?s={search_term_string}"},"query-input":{"@type":"PropertyValueSpecification","valueRequired":true,"valueName":"search_term_string"}}],"inLanguage":"tr"},{"@type":"Organization","@id":"https:\/\/vicolli.com\/#organization","name":"Vicolli - Yaz\u0131l\u0131m & Tasar\u0131m","url":"https:\/\/vicolli.com\/","logo":{"@type":"ImageObject","inLanguage":"tr","@id":"https:\/\/vicolli.com\/#\/schema\/logo\/image\/","url":"https:\/\/vicolli.com\/wp-content\/uploads\/2022\/11\/dikdortgen.png","contentUrl":"https:\/\/vicolli.com\/wp-content\/uploads\/2022\/11\/dikdortgen.png","width":2205,"height":735,"caption":"Vicolli - Yaz\u0131l\u0131m & Tasar\u0131m"},"image":{"@id":"https:\/\/vicolli.com\/#\/schema\/logo\/image\/"}}]}},"_links":{"self":[{"href":"https:\/\/vicolli.com\/index.php?rest_route=\/wp\/v2\/pages\/1286","targetHints":{"allow":["GET"]}}],"collection":[{"href":"https:\/\/vicolli.com\/index.php?rest_route=\/wp\/v2\/pages"}],"about":[{"href":"https:\/\/vicolli.com\/index.php?rest_route=\/wp\/v2\/types\/page"}],"author":[{"embeddable":true,"href":"https:\/\/vicolli.com\/index.php?rest_route=\/wp\/v2\/users\/1"}],"replies":[{"embeddable":true,"href":"https:\/\/vicolli.com\/index.php?rest_route=%2Fwp%2Fv2%2Fcomments&post=1286"}],"version-history":[{"count":0,"href":"https:\/\/vicolli.com\/index.php?rest_route=\/wp\/v2\/pages\/1286\/revisions"}],"up":[{"embeddable":true,"href":"https:\/\/vicolli.com\/index.php?rest_route=\/wp\/v2\/pages\/606"}],"wp:attachment":[{"href":"https:\/\/vicolli.com\/index.php?rest_route=%2Fwp%2Fv2%2Fmedia&parent=1286"}],"curies":[{"name":"wp","href":"https:\/\/api.w.org\/{rel}","templated":true}]}}